6.
66
What is the highest common factor of 128 and 4096?
128
What is the greatest common divisor of 36 and 2460?
12
What is the highest common factor of 11 and 22693?
11
Calculate the greatest common factor of 648 and 2304.
72
Calculate the greatest common factor of 145 and 45.
5
Calculate the highest common factor of 10740 and 30.
30
What is the greatest common divisor of 97 and 1649?
97
What is the greatest common divisor of 1216 and 2736?
304
What is the greatest common factor of 4752 and 135?
27
Calculate the greatest common divisor of 186 and 18.
6
Calculate the highest common divisor of 231 and 2373.
21
Calculate the greatest common factor of 132 and 3652.
44
What is the highest common divisor of 1 and 172?
1
Calculate the greatest common divisor of 759 and 66.
33
Calculate the highest common factor of 3175 and 127.
127
Calculate the highest common divisor of 36 and 34380.
36
Calculate the greatest common factor of 23127 and 78.
39
What is the highest common divisor of 122 and 2196?
122
Calculate the highest common divisor of 2470 and 475.
95
Calculate the greatest common divisor of 2368 and 148.
148
Calculate the greatest common factor of 54 and 10611.
27
What is the greatest common factor of 5400 and 40?
40
Calculate the highest common factor of 8 and 82072.
8
Calculate the greatest common divisor of 7 and 217.
7
Calculate the greatest common factor of 12 and 384.
12
What is the highest common divisor of 87 and 1653?
87
What is the greatest common divisor of 94 and 47?
47
Calculate the greatest common factor of 64048 and 16.
16
What is the highest common divisor of 436 and 4?
4
Calculate the greatest common divisor of 8 and 20392.
8
What is the highest common factor of 42 and 3129?
21
What is the greatest common factor of 1485 and 891?
297
What is the highest common factor of 13284 and 164?
164
Calculate the greatest common divisor of 111 and 5143.
37
Calculate the greatest common factor of 1141 and 7.
7
Calculate the greatest common factor of 322 and 28.
14
What is the highest common factor of 493 and 87?
29
Calculate the greatest common factor of 105 and 189.
21
What is the greatest common factor of 330 and 10?
10
Calculate the highest common factor of 106 and 131228.
106
What is the highest common divisor of 7 and 8393?
7
What is the greatest common factor of 351 and 65?
13
Calculate the greatest common factor of 3 and 21.
3
Calculate the greatest common divisor of 8 and 2024.
8
What is the highest common divisor of 3120 and 1820?
260
What is the greatest common factor of 80 and 360?
40
Calculate the highest common divisor of 70 and 154.
14
What is the greatest common factor of 650 and 225?
25
Calculate the highest common factor of 1900 and 500.
100
Calculate the highest common factor of 225 and 180.
45
What is the greatest common divisor of 35 and 77?
7
Calculate the greatest common factor of 714 and 9.
3
What is the greatest common divisor of 40 and 360?
40
What is the highest common factor of 49 and 357?
7
What is the highest common factor of 1082 and 2?
2
What is the greatest common divisor of 595 and 765?
85
Calculate the greatest common factor of 161 and 9821.
161
Calculate the greatest common divisor of 376 and 16.
8
Calculate the greatest common factor of 28 and 36.
4
What is the greatest common divisor of 423 and 216?
9
What is the highest common divisor of 114 and 492?
6
Calculate the highest common factor of 64 and 152.
8
What is the highest common divisor of 6 and 171?
3
Calculate the greatest common divisor of 38 and 38.
38
Calculate the highest common divisor of 2628 and 365.
73
What is the highest common factor of 35048 and 104?
104
Calculate the highest common factor of 19208 and 56.
56
Calculate the greatest common factor of 16 and 20.
4
Calculate the greatest common factor of 8 and 25744.
8
What is the highest common factor of 12 and 13476?
12
Calculate the highest common divisor of 22 and 27445.
11
What is the highest common factor of 11147 and 157?
157
What is the highest common divisor of 65 and 11245?
65
Calculate the greatest common factor of 1620 and 420.
60
Calculate the highest common factor of 43 and 473.
43
What is the highest common factor of 377 and 117?
13
What is the greatest common factor of 703 and 38?
19
What is the greatest common factor of 812 and 145?
29
What is the highest common divisor of 52 and 143?
13
Calculate the greatest common divisor of 11 and 1331.
11
Calculate the highest common factor of 4712 and 456.
152
What is the highest common divisor of 63 and 147?
21
Calculate the greatest common divisor of 85 and 10.
5
Calculate the greatest common factor of 1727 and 11.
11
Calculate the greatest common divisor of 496 and 16.
16
What is the greatest common factor of 237 and 553?
79
What is the highest common factor of 952 and 578?
34
Calculate the highest common factor of 141 and 8319.
141
What is the greatest common divisor of 147 and 9408?
147
What is the highest common factor of 4 and 124?
4
What is the greatest common factor of 816 and 51?
51
Calculate the highest common divisor of 1476 and 41.
41
Calculate the greatest common factor of 40 and 40.
40
Calculate the highest common divisor of 18 and 1962.
18
Calculate the greatest common divisor of 75 and 300.
75
What is the highest common divisor of 142 and 4118?
142
What is the greatest common factor of 165 and 2750?
55
What is the greatest common divisor of 39 and 494?
13
Calculate the greatest common divisor of 8 and 308.
4
What is the highest common factor of 296 and 37?
37
Calculate the greatest common divisor of 164 and 246.
82
Calculate the highest common divisor of 4 and 404.
4
What is the greatest common factor of 611 and 117?
13
What is the greatest common factor of 15 and 6765?
15
What is the highest common factor of 80 and 16?
16
Calculate the highest common factor of 103 and 3090.
103
What is the greatest common factor of 6019 and 26?
13
Calculate the greatest common factor of 725 and 50.
25
What is the highest common factor of 19851 and 78?
39
What is the highest common divisor of 27 and 5157?
27
What is the highest common divisor of 388 and 16?
4
Calculate the greatest common divisor of 690 and 552.
138
What is the highest common factor of 3748 and 4?
4
What is the highest common factor of 736 and 160?
32
Calculate the greatest common factor of 50 and 675.
25
Calculate the highest common divisor of 30 and 830.
10
What is the greatest common factor of 48 and 11472?
48
Calculate the greatest common factor of 26890 and 20.
10
What is the greatest common divisor of 465 and 1953?
93
What is the greatest common divisor of 308 and 420?
28
What is the highest common divisor of 102 and 595?
17
What is the greatest common factor of 12 and 4?
4
Calculate the greatest common factor of 71207 and 62.
31
Calculate the greatest common factor of 71 and 4047.
71
What is the greatest common factor of 884 and 52?
52
Calculate the highest common divisor of 4470 and 90.
30
What is the highest common factor of 114 and 57?
57
What is the highest common divisor of 1742 and 67?
67
What is the highest common factor of 7865 and 275?
55
Calculate the highest common factor of 65 and 91.
13
What is the greatest common factor of 84 and 192?
12
Calculate the highest common factor of 1363 and 94.
47
Calculate the highest common factor of 2028 and 12.
12
What is the greatest common factor of 220 and 20?
20
What is the highest common divisor of 36 and 12108?
12
What is the highest common divisor of 49 and 21?
7
Calculate the greatest common divisor of 350 and 490.
70
What is the highest common factor of 1411 and 255?
17
Calculate the greatest common divisor of 351 and 216.
27
Calculate the greatest common divisor of 2210 and 780.
130
What is the greatest common divisor of 6 and 3192?
6
Calculate the highest common factor of 650 and 30.
10
What is the highest common factor of 343 and 14?
7
Calculate the greatest common divisor of 13448 and 16.
8
What is the highest common factor of 27076 and 112?
28
What is the highest common divisor of 224 and 9884?
28
What is the highest common divisor of 3320 and 10?
10
Calculate the highest common divisor of 17200 and 125.
25
Calculate the highest common factor of 695 and 5.
5
What is the highest common factor of 3128 